5 divide 2639?
False
Does 5 divide 476?
False
Does 68 divide 1388?
False
Is 8808 a multiple of 72?
False
Is 11350 a multiple of 227?
True
Does 32 divide 153?
False
Is 167 a multiple of 12?
False
Is 4 a factor of 2560?
True
Is 4220 a multiple of 20?
True
Is 1350 a multiple of 30?
True
Is 39 a factor of 1287?
True
Is 26 a factor of 5502?
False
Is 10 a factor of 2380?
True
Is 29776 a multiple of 15?
False
Is 112463 a multiple of 211?
True
Is 59 a factor of 56373?
False
Is 28916 a multiple of 145?
False
Is 12 a factor of 283?
False
Is 13392 a multiple of 8?
True
Is 4592 a multiple of 16?
True
Does 23 divide 258?
False
Is 300 a multiple of 60?
True
Is 14 a factor of 752?
False
Does 130 divide 40170?
True
Is 28 a factor of 756?
True
Is 10 a factor of 9569?
False
Is 35 a factor of 245?
True
Is 17 a factor of 4573?
True
Does 22 divide 3264?
False
Does 8 divide 332?
False
Is 16 a factor of 983?
False
Does 10 divide 1205?
False
Does 53 divide 1829?
False
Is 152 a factor of 13072?
True
Is 22 a factor of 347?
False
Is 1036 a multiple of 8?
False
Is 12722 a multiple of 36?
False
Is 25837 a multiple of 15?
False
Is 58 a factor of 638?
True
Is 4 a factor of 87?
False
Is 244 even?
True
Is 26585 a multiple of 27?
False
Does 6 divide 74?
False
Is 155 a factor of 5113?
False
Is 6 a factor of 791?
False
Is 49 a factor of 4118?
False
Does 9 divide 111346?
False
Is 19 a factor of 15561?
True
Is 89 a factor of 33731?
True
Is 910 a multiple of 35?
True
Is 7 a factor of 87?
False
Is 1449 a multiple of 76?
False
Does 42 divide 214?
False
Does 209 divide 5288?
False
Is 40 a factor of 240?
True
Is 23588 a multiple of 37?
False
Is 154 a multiple of 11?
True
Is 294 a multiple of 41?
False
Does 49 divide 3087?
True
Is 58 a factor of 23382?
False
Is 97438 a multiple of 11?
True
Is 623 a multiple of 15?
False
Does 9 divide 2817?
True
Is 22 a factor of 39660?
False
Is 71258 a multiple of 22?
True
Is 12 a factor of 15684?
True
Is 52 a factor of 35724?
True
Is 11551 a multiple of 177?
False
Is 11 a factor of 14?
False
Is 33 a factor of 11715?
True
Does 13 divide 9763?
True
Does 17 divide 3453?
False
Is 75 a factor of 4575?
True
Does 45 divide 14904?
False
Is 243 a multiple of 37?
False
Is 21 a factor of 129685?
False
Is 75726 a multiple of 47?
False
Does 22 divide 909?
False
Is 9 a factor of 600?
False
Is 325 a factor of 38675?
True
Is 14 a factor of 1277?
False
Does 34 divide 680?
True
Is 39360 a multiple of 12?
True
Does 3 divide 3389?
False
Does 14 divide 2548?
True
Is 8 a multiple of 8?
True
Is 69 a factor of 5658?
True
Is 173 a multiple of 4?
False
Is 20 a multiple of 10?
True
Is 236 a factor of 34220?
True
Does 156 divide 35568?
True
Does 215 divide 32544?
False
Is 2 a factor of 96?
True
Is 15746 a multiple of 28?
False
Does 23 divide 22011?
True
Does 23 divide 621?
True
Does 107 divide 14853?
False
Does 68 divide 3468?
True
Is 70580 a multiple of 57?
False
Is 81 a factor of 697?
False
Is 6608 a multiple of 118?
True
Is 149 a multiple of 27?
False
Does 39 divide 4480?
False
Is 1050 a multiple of 35?
True
Is 516 a multiple of 3?
True
Is 6596 a multiple of 11?
False
Does 156 divide 3673?
False
Is 7 a factor of 3650?
False
Is 85 a factor of 11944?
False
Does 30 divide 2874?
False
Does 47 divide 1076?
False
Is 3726 a multiple of 81?
True
Is 14 a factor of 7126?
True
Does 53 divide 689?
True
Does 4 divide 19336?
True
Does 2 divide 1530?
True
Is 418 a multiple of 22?
True
Is 15 a factor of 3645?
True
Is 59 a multiple of 3?
False
Does 84 divide 28392?
True
Is 132 a multiple of 9?
False
Does 10 divide 59075?
False
Is 80 a factor of 5760?
True
Does 28 divide 27552?
True
Is 104478 a multiple of 22?
True
Is 18 a factor of 1548?
True
Is 641 a multiple of 10?
False
Is 75 a multiple of 3?
True
Does 2 divide 52?
True
Is 16740 a multiple of 90?
True
Is 11 a factor of 73953?
True
Does 12 divide 448?
False
Is 12 a factor of 1076?
False
Is 14 a factor of 1610?
True
Is 43816 a multiple of 22?
False
Is 74 a factor of 10878?
True
Is 56 a factor of 952?
True
Is 31 a factor of 5878?
False
Is 447 a multiple of 11?
False
Is 2412 a multiple of 36?
True
Is 12 a factor of 625?
False
Is 222 a multiple of 11?
False
Does 42 divide 4838?
False
Does 226 divide 34953?
False
Is 2 a factor of 1101?
False
Is 21 a multiple of 3?
True
Does 21 divide 43848?
True
Is 144 a factor of 21312?
True
Is 20 a factor of 460?
True
Is 426 a multiple of 10?
False
Does 62 divide 1116?
True
Is 7 a factor of 1141?
True
Is 43 a factor of 32895?
True
Does 35 divide 26388?
False
Is 31581 a multiple of 11?
True
Is 714 a multiple of 102?
True
Is 32 a factor of 2165?
False
Is 2266 a multiple of 103?
True
Is 50 a factor of 6187?
False
Is 269 a multiple of 2?
False
Is 6048 a multiple of 7?
True
Is 1515 a multiple of 61?
False
Is 910 a multiple of 54?
False
Is 4 a factor of 956?
True
Is 66105 a multiple of 13?
True
Does 125 divide 23125?
True
Does 104 divide 14040?
True
Is 31 a factor of 5844?
False
Is 1220 a multiple of 5?
True
Is 18 a factor of 2183?
False
Is 392 a multiple of 28?
True
Does 4 divide 1668?
True
Is 37 a factor of 38258?
True
Is 4 a factor of 724?
True
Does 10 divide 120?
True
Does 17 divide 3712?
False
Does 9 divide 374?
False
Is 28 a multiple of 14?
True
Is 156 a factor of 312?
True
Is 6 a factor of 132?
True
Is 286 a multiple of 143?
True
Is 27 a factor of 540?
True
Does 5 divide 697?
False
Does 10 divide 870?
True
Is 2601 a multiple of 258?
False
Does 9 divide 2376?
True
Does 7 divide 199?
False
Is 2877 a multiple of 15?
False
Is 122 a factor of 2562?
True
Is 8613 a multiple of 99?
True
Is 1457 a multiple of 47?
True
Is 280 a multiple of 56?
True
Is 15141 a multiple of 82?
False
Does 8 divide 2026?
False
Does 64 divide 9111?
False
Is 38 a factor of 385?
False
Is 9537 a multiple of 38?
False
Does 17 divide 74?
False
Is 16951 a multiple of 7?
False
Is 1145 a multiple of 23?
False
Does 5 divide 2699?
False
Is 9480 a multiple of 24?
True
Is 16 a factor of 31378?
False
Is 1150 a multiple of 50?
True
Is 8 a factor of 1688?
True
Is 16408 a multiple of 56?
True
Is 20 a factor of 58900?
True
Is 10 a factor of 540?
True
Is 14 a factor of 1781?
False
Is 43 a factor of 86?
True
Is 162 a factor of 20250?
True
Does 84 divide 10982?
False
Is 4641 a multiple of 91?
True
Is 80 a factor of 1440?
True
Is 9 a factor of 11615?
False
Is 12 a factor of 156?
True
Is 12960 a multiple of 30?
True
Is 4787 a multiple of 11?
False
Is 10 a factor of 241?
False
Is 13 a factor of 3180?
False
Is 120 a factor of 9107?
False
Is 174 a factor of 33408?
True
Is 17708 a multiple of 76?
True
Is 2530 a multiple of 55?
True
Is 17 a factor of 2272?
False
Is 330 a multiple of 6?
True
Is 27528 a multiple of 372?
True
Does 32 divide 561?
False
Is 24 a factor of 957?
False
Does 25 divide 3006?
False
Is 15640 a multiple of 20?
True
Is 19 a factor of 11400?
True
Is 224 a multiple of 32?
True
Does 189 divide 104649?
False
Is 67 a factor of 268?
True
Is 13 a factor of 2510?
False
Is 69 a factor of 1035?
True
Is 25 a factor of 18416?
False
Is 1763 a multiple of 3?
False
Is 3243 a multiple of 150?
False
Is 5 a factor of 1451?
False
Does 50 divide 1800?
True
Is 8739 a multiple of 8?
False
Is 102 a factor of 1442?
False
Is 17 a factor of 136?
True
Is 7 a factor of 7667?
False
Is 13 a factor of 13195?
True
Does 8 divide 200?
True
Is 136 a factor of 47192?
True
Is 56 a factor of 948?
False
Is 308 a factor of 5752?
False
Is 1485 a multiple of 27?
True
Is 5952 a multiple of 6?
True
Does 32 divide 115296?
True
Is 89 even?
False
Is 57876 a multiple of 42?
True
Does 42 divide 28619?
False
Is 93 a factor of 4550?
False
Is 36 a factor of 347?
False
Is 471 a multiple of 7?
False
Is 269 a multiple of 10?
False
Is 10 a factor of 190?
True
Is 193 a factor of 10808?
True
Is 22 a factor of 6028?
True
Does 10 divide 530?
True
Is 28 a factor of 44774?
False
Does 31 divide 3268?
False
Is 15 a factor of 2669?
False
Is 78 a factor of 26217?
False
Does 98 divide 10486?
True
Is 215 a multiple of 14?
False
Does 21 divide 231?
True
Is 1384 a multiple of 11?
False
Is 70 a factor of 1960?
True
Does 91 divide 20979?
False
Does 25 divide 3725?
True
Does 80 divide 3739?
False
Does 14 divide 2044?
True
Is 7 a factor of 2331?
True
Is 46 a factor of 10498?
False
Is 22 a factor of 11286?
True
Is 17 